10 (base 5) to base 6
-5
Convert 1 (base 11) to base 2.
1
What is 11 (base 16) in base 4?
101
What is 72 (base 10) in base 7?
132
Convert -6 (base 9) to base 10.
-6
10 (base 10) to base 12
a
21 (base 7) to base 4
33
What is -1110 (base 2) in base 5?
-24
What is -5 (base 10) in base 5?
-10
Convert 2 (base 4) to base 11.
2
What is -3 (base 12) in base 9?
-3
-44 (base 11) to base 4
-300
What is 7 (base 13) in base 8?
7
Convert -1 (base 15) to base 9.
-1
What is -3 (base 4) in base 9?
-3
What is 2 (base 12) in base 13?
2
What is 3 (base 6) in base 9?
3
-1021 (base 4) to base 16
-49
What is 11 (base 15) in base 11?
15
3 (base 13) to base 11
3
What is 3 (base 15) in base 16?
3
-4 (base 13) to base 6
-4
54 (base 8) to base 15
2e
What is -1010 (base 3) in base 13?
-24
Convert 2 (base 14) to base 12.
2
84 (base 13) to base 5
413
Convert 100 (base 7) to base 16.
31
What is 28 (base 11) in base 12?
26
-6 (base 13) to base 6
-10
Convert 221 (base 5) to base 4.
331
7 (base 14) to base 11
7
10 (base 2) to base 6
2
What is 58 (base 11) in base 13?
4b
Convert d (base 14) to base 13.
10
What is -12 (base 3) in base 10?
-5
19 (base 15) to base 4
120
Convert -3 (base 8) to base 10.
-3
What is -42 (base 7) in base 16?
-1e
-16 (base 10) to base 7
-22
Convert -114 (base 15) to base 14.
-136
What is 1 (base 16) in base 9?
1
-13 (base 9) to base 13
-c
Convert -32 (base 5) to base 4.
-101
44 (base 8) to base 15
26
112 (base 4) to base 8
26
4 (base 8) to base 9
4
Convert 24 (base 13) to base 3.
1010
Convert -4 (base 11) to base 5.
-4
Convert a8 (base 12) to base 4.
2000
-11 (base 9) to base 4
-22
What is 2 (base 15) in base 5?
2
Convert 2021 (base 4) to base 2.
10001001
What is -25 (base 15) in base 2?
-100011
2 (base 13) to base 5
2
What is -80 (base 10) in base 6?
-212
-1 (base 16) to base 9
-1
What is 0 (base 3) in base 9?
0
What is -33 (base 16) in base 2?
-110011
-31 (base 9) to base 12
-24
Convert -4 (base 8) to base 12.
-4
-6 (base 10) to base 14
-6
Convert 102 (base 4) to base 10.
18
Convert -7 (base 10) to base 8.
-7
0 (base 12) to base 6
0
Convert -15 (base 10) to base 13.
-12
-9 (base 14) to base 6
-13
70 (base 10) to base 5
240
1101 (base 6) to base 2
11111101
3 (base 4) to base 6
3
230 (base 6) to base 3
10100
-2c (base 16) to base 6
-112
141 (base 7) to base 13
60
What is -10 (base 5) in base 16?
-5
Convert 100010 (base 2) to base 16.
22
1 (base 4) to base 8
1
-128 (base 11) to base 3
-12121
-202 (base 3) to base 4
-110
Convert -28 (base 12) to base 14.
-24
-26 (base 7) to base 13
-17
-1 (base 12) to base 15
-1
What is -4 (base 14) in base 9?
-4
Convert 34 (base 5) to base 12.
17
Convert 3 (base 11) to base 8.
3
What is -cb (base 14) in base 12?
-12b
What is -1012 (base 3) in base 10?
-32
Convert 1 (base 8) to base 16.
1
c2 (base 15) to base 2
10110110
Convert -111 (base 2) to base 10.
-7
4 (base 5) to base 9
4
What is -21 (base 7) in base 15?
-10
What is 350 (base 7) in base 10?
182
3 (base 9) to base 14
3
Convert 2 (base 8) to base 16.
2
What is 2 (base 6) in base 13?
2
Convert -1010 (base 5) to base 10.
-130
Convert -1011 (base 2) to base 15.
-b
Convert 2 (base 16) to base 6.
2
Convert 16 (base 7) to base 15.
d
Convert -120 (base 6) to base 9.
-53
-13 (base 5) to base 6
-12
-211 (base 3) to base 11
-20
-22112 (base 3) to base 16
-e6
6a (base 13) to base 7
154
What is 0 (base 3) in base 10?
0
What is 12 (base 16) in base 14?
14
202 (base 4) to base 2
100010
What is 2 (base 11) in base 14?
2
What is -14 (base 6) in base 7?
-13
Convert 1a (base 15) to base 16.
19
What is -7 (base 15) in base 2?
-111
3c (base 15) to base 14
41
Convert 11220 (base 3) to base 13.
a2
Convert -3c (base 16) to base 3.
-2020
Convert 2 (base 4) to base 14.
2
Convert 0 (base 2) to base 16.
0
Convert 1 (base 3) to base 13.
1
-8 (base 15) to base 3
-22
Convert -217 (base 9) to base 10.
-178
103 (base 11) to base 14
8c
1012 (base 3) to base 2
100000
Convert 101 (base 2) to base 7.
5
Convert -1 (base 9) to base 12.
-1
Convert -301 (base 7) to base 2.
-10010100
10 (base 8) to base 9
8
Convert 12 (base 3) to base 9.
5
What is -210 (base 3) in base 12?
-19
What is -3 (base 16) in base 7?
-3
What is -2 (base 10) in base 15?
-2
-304 (base 6) to base 16
-70
Convert 10 (base 8) to base 12.
8
Convert 32 (base 8) to base 15.
1b
What is -7 (base 13) in base 3?
-21
What is -44 (base 10) in base 4?
-230
-6 (base 14) to base 10
-6
-2 (base 6) to base 11
-2
Convert -1124 (base 5) to base 9.
-202
What is -4 (base 14) in base 4?
-10
-11100 (base 2) to base 16
-1c
-10 (base 4) to base 7
-4
Convert 2 (base 3) to base 15.
2
Convert -102 (base 3) to base 2.
-1011
What is -4 (base 16) in base 7?
-4
1 (base 2) to base 15
1
What is 4 (base 10) in base 3?
11
Convert -1 (base 15) to base 5.
-1
22201 (base 3) to base 15
10a
Convert -22 (base 8) to base 6.
-30
Convert -230 (base 4) to base 2.
-101100
32 (base 4) to base 15
e
Convert -2 (base 12) to base 8.
-2
31 (base 13) to base 14
2c
-5c (base 13) to base 12
-65
What is 1011 (base 2) in base 11?
10
-59 (base 14) to base 3
-2221
What is 3 (base 15) in base 7?
3
Convert 20010 (base 3) to base 13.
c9
Convert -110100 (base 3) to base 4.
-11031
Convert 4 (base 14) to base 13.
4
What is -56 (base 10) in base 2?
-111000
-2 (base 3) to base 15
-2
What is 6a (base 11) in base 3?
2211
16 (base 11) to base 2
10001
What is -18 (base 11) in base 14?
-15
Convert -1 (base 12) to base 4.
-1
Convert -46 (base 7) to base 3.
-1021
Convert -30 (base 5) to base 13.
-12
-25 (base 10) to base 3
-221
103 (base 5) to base 13
22
What is -4 (base 10) in base 3?
-11
Convert 210 (base 3) to base 10.
21
-29 (base 15) to base 14
-2b
-11 (base 6) to base 16
-7
-11100111 (base 2) to base 16
-e7
What is 77 (base 13) in base 10?
98
Convert -33 (base 5) to base 10.
-18
Convert 4 (base 9) to base 10.
4
-5 (base 11) to base 9
-5
What is -39 (base 11) in base 10?
-42
Convert 2100 (base 3) to base 16.
3f
-247 (base 12) to base 9
-421
What is -10 (base 2) in base 13?
-2
Convert -14 (base 12) to base 6.
-24
Convert -106 (base 7) to base 10.
-55
Convert 5 (base 7) to base 12.
5
11 (base 3) to base 5
4
What is -11012 (base 3) in base 5?
-423
What is -142 (base 5) in base 6?
-115
2 (base 9) to base 11
2
-1 (base 13) to base 3
-1
What is -1c (base 15) in base 5?
-102
What is -2 (base 15) in base 10?
-2
What is -555 (base 6) in base 12?
-15b
Convert -1 (base 11) to base 3.
-1
Convert -1110001 (base 2) to base 14.
-81
-3 (base 7) to base 8
-3
2 (base 6) to base 7
2
-186 (base 13) to base 3
-101100
What is -8 (base 14) in base 2?
-1000
What is 0 (base 7) in base 14?
0
90 (base 13) to base 16
75
What is -2 (base 8) in base 12?
-2
What is 322 (base 5) in base 11?
7a
0 (base 8) to base 13
0
Convert 113 (base 5) to base 10.
33
What is -191 (base 13) in base 4?
-10133
What is 4 (base 10) in base 2?
100
What is 8b (base 15) in base 7?
245
What is 13 (base 10) in base 4?
31
Convert 100 (base 3) to base 12.
9
What is -2 (base 5) in base 12?
-2
Convert 74 (base 9) to base 14.
4b
Convert -22 (base 3) to base 16.
-8
Convert 1 (base 12) to base 4.
1
Convert -23 (base 10) to base 2.
-10111
Convert 2 (base 5) to base 11.
2
What is 36 (base 15) in base 9?
56
What is 3 (base 12) in base 11?
3
Convert -3 (base 15) to base 16.
-3
What is 87 (base 11) in base 9?
115
Convert 301 (base 5) to base 8.
114
What is 120 (base 9) in base 16?
63
10111 (base 3) to base 13
73
-14 (base 9) to base 15
-d
What is -11 (base 15) in base 4?
-100
Convert -5 (base 10) to base 14.
-5
0 (base 16) to base 5
0
-474 (base 8) to base 12
-224
What is -40 (base 5) in base 16?
-14
60 (base 13) to base 10
78
What is 2 (base 9) in base 6?
2
Convert -1010 (base 2) to base 14.
-a
What is -1 (base 11) in base 6?
-1
Convert -10 (base 5) to base 8.
-5
Convert 1001000 (base 2) to base 13.
57
4 (base 8) to base 16
4
What is 22 (base 8) in base 2?
10010
What is 10 (base 7) in base 2?
111
What is -10 (base 2) in base 16?
-2
-2 (base 8) to base 9
-2
What is -311 (base 4) in base 8?
-65
What is -156 (base 9) in base 8?
-204
-23 (base 7) to base 3
-122
5 (base 15) to base 5
10
49 (base 11) to base 4
311
30 (base 10) to base 6
50
Convert 55 (base 11) to base 16.
3c
Convert -2 (base 16) to base 10.
-2
Convert 107 (base 9) to base 16.
58
32 (base 16) to base 8
62
C